{"id":1127,"date":"2018-03-11T00:35:28","date_gmt":"2018-03-10T23:35:28","guid":{"rendered":"http:\/\/www.danieleinzinna.com\/?page_id=1127"},"modified":"2024-06-25T16:33:49","modified_gmt":"2024-06-25T14:33:49","slug":"dicono-di-noi","status":"publish","type":"page","link":"https:\/\/www.danieleinzinna.com\/index.php\/dicono-di-noi\/","title":{"rendered":"DICONO DI NOI&#8230;"},"content":{"rendered":"<h1 style=\"text-align: center;\"><em>La parola a voi&#8230; le recensioni dei nostri clienti!<\/em><\/h1>\n<h5 style=\"text-align: center;\">&#8212;&#8212;&#8212;&#8212;&#8212;&#8212;&#8212;&#8212;&#8212;&#8212;&#8212;&#8212;&#8212;&#8212;&#8212;&#8212;&#8212;&#8212;&#8212;&#8212;&#8212;&#8212;&#8212;&#8212;&#8212;&#8212;&#8212;&#8212;&#8212;&#8212;&#8212;&#8212;&#8212;&#8212;&#8212;&#8212;&#8212;<\/h5>\n<h3 style=\"text-align: center;\">Fonte: <a href=\"https:\/\/www.matrimonio.com\/fotografo-matrimonio\/inzinna-fotografi--e181006\/opinioni\" target=\"_blank\" rel=\"noopener noreferrer\">&#8220;matrimonio.com&#8221;<\/a><\/h3>\n<h5 style=\"text-align: center;\">&#8212;&#8212;&#8212;&#8212;&#8212;&#8212;&#8212;&#8212;&#8212;&#8212;&#8212;&#8212;&#8212;&#8212;&#8212;&#8212;&#8212;&#8212;&#8212;&#8212;&#8212;&#8212;&#8212;&#8212;&#8212;&#8212;&#8212;&#8212;&#8212;&#8212;&#8212;&#8212;&#8212;&#8212;&#8212;&#8212;&#8212;<\/h5>\n<h2 style=\"text-align: center;\"><em><strong>Steven e Chiara<\/strong><\/em><\/h2>\n<h4 style=\"text-align: center;\">Con le vostre foto riuscite a far rivivere le emozioni. Grazie per la vostra professionalit\u00e0. Grazie per aver immortalato e per aver reso un capolavoro tutti gli attimi del nostro grande giorno! Che dire&#8230;Grazie ragazzi siete fenomenali.<br \/>\nSe li consiglio? Assolutamente si,non ho mai avuto dubbi!<\/h4>\n<h4 style=\"text-align: center;\">&#8212;&#8212;&#8212;&#8212;&#8212;&#8212;&#8212;&#8212;&#8212;&#8212;&#8212;&#8212;&#8212;&#8212;&#8212;&#8212;&#8212;&#8212;&#8212;&#8212;&#8212;&#8212;&#8212;&#8212;&#8212;&#8212;&#8212;&#8212;&#8212;&#8212;&#8212;&#8212;&#8212;&#8212;&#8212;&#8212;&#8212;<\/h4>\n<h2 style=\"text-align: center;\"><em><strong>Giacomo P.<\/strong><\/em><\/h2>\n<h3 class=\"storefrontReviewsTileContent__title\" style=\"text-align: center;\">Un artista al matrimonio.<\/h3>\n<h4 style=\"text-align: center;\">Daniele \u00e8 un vero artista. Non solo ha reso ogni nostra foto un capolavoro, ma ha creato intorno a noi di un ambiente amicale che ci ha permesso di esprimere spontaneamente la nostra gioia.<br \/>\nNon avrei potuto fare una scelta migliore.<\/h4>\n<h4 style=\"text-align: center;\">&#8212;&#8212;&#8212;&#8212;&#8212;&#8212;&#8212;&#8212;&#8212;&#8212;&#8212;&#8212;&#8212;&#8212;&#8212;&#8212;&#8212;&#8212;&#8212;&#8212;&#8212;&#8212;&#8212;&#8212;&#8212;&#8212;&#8212;&#8212;&#8212;&#8212;&#8212;&#8212;&#8212;&#8212;&#8212;&#8212;&#8212;<\/h4>\n<h2 style=\"text-align: center;\"><em><strong>Calogero G.<\/strong><\/em><\/h2>\n<h3 class=\"storefrontReviewsTileContent__title\" style=\"text-align: center;\">Esperienza magica<\/h3>\n<h4 style=\"text-align: center;\">Posso solo dire che&#8230;.<br \/>\nProfessionalit\u00e0 e famiglia si traducono con due sole parole&#8230;. Team inzinna<\/h4>\n<h5 style=\"text-align: center;\">&#8212;&#8212;&#8212;&#8212;&#8212;&#8212;&#8212;&#8212;&#8212;&#8212;&#8212;&#8212;&#8212;&#8212;&#8212;&#8212;&#8212;&#8212;&#8212;&#8212;&#8212;&#8212;&#8212;&#8212;&#8212;&#8212;&#8212;&#8212;&#8212;&#8212;&#8212;&#8212;&#8212;&#8212;&#8212;&#8212;&#8212;<\/h5>\n<h2 style=\"text-align: center;\"><em><strong>\u00a0Erika&#8230;<\/strong><\/em><\/h2>\n<h3 style=\"text-align: center;\">Fotografo eccezionale!<\/h3>\n<h4 style=\"text-align: center;\">Servizio ottimo.<br \/>\nIl fotografo e il suo staff sono in grado di mettere le persone a proprio agio.<\/h4>\n<h4 style=\"text-align: center;\">&#8212;&#8212;&#8212;&#8212;&#8212;&#8212;&#8212;&#8212;&#8212;&#8212;&#8212;&#8212;&#8212;&#8212;&#8212;&#8212;&#8212;&#8212;&#8212;&#8212;&#8212;&#8212;&#8212;&#8212;&#8212;&#8212;&#8212;&#8212;&#8212;&#8212;&#8212;&#8212;&#8212;&#8212;&#8212;&#8212;&#8212;<\/h4>\n<h2 style=\"text-align: center;\"><em><strong>\u00a0Luca e Daniela&#8230;<\/strong><\/em><\/h2>\n<h3 style=\"text-align: center;\">Professionalit\u00e0 e Competenza.<\/h3>\n<h4 class=\"admin-reviews-item-description \" style=\"text-align: center;\">Ci siamo trovati benissimo con Daniele, \u00e8 riuscito a catturare i momenti pi\u00f9 belli nonostante il tempo non sia stato dei migliori. Grazie mille a tutto il team che insieme \u00e8 riuscito a creare una sinergia unica.<\/h4>\n<h5 style=\"text-align: center;\">&#8212;&#8212;&#8212;&#8212;&#8212;&#8212;&#8212;&#8212;&#8212;&#8212;&#8212;&#8212;&#8212;&#8212;&#8212;&#8212;&#8212;&#8212;&#8212;&#8212;&#8212;&#8212;&#8212;&#8212;&#8212;&#8212;&#8212;&#8212;&#8212;&#8212;&#8212;&#8212;&#8212;&#8212;&#8212;&#8212;&#8212;<\/h5>\n<h2 style=\"text-align: center;\"><em><strong>\u00a0Eugenio e Simona&#8230;<\/strong><\/em><\/h2>\n<h3 style=\"text-align: center;\">Seriet\u00e0, Competenza e Professionalit\u00e0.<\/h3>\n<h4 class=\"admin-reviews-item-description \" style=\"text-align: center;\">Abbiamo scelto Daniele e il suo staff perch\u00e9 fin dal primo incontro ha saputo trasmetterci la serenit\u00e0 che un giorno cos\u00ec intenso di emozioni richiede. E sul campo non si \u00e8 smentito.\u00a0Riesce a metterti a tuo agio, entra in punta di piedi in ogni momento della giornata e con molta delicatezza coinvolge senza mai stancare. Credo che al di l\u00e0 della qualit\u00e0 del prodotto (ineccepibile) queste siano requisiti che ogni professionista debba avere. \u00a0 \u00a0 \u00a0 \u00a0 \u00a0 \u00a0 \u00a0 \u00a0 \u00a0Davvero soddisfatti!<\/h4>\n<h5 style=\"text-align: center;\">&#8212;&#8212;&#8212;&#8212;&#8212;&#8212;&#8212;&#8212;&#8212;&#8212;&#8212;&#8212;&#8212;&#8212;&#8212;&#8212;&#8212;&#8212;&#8212;&#8212;&#8212;&#8212;&#8212;&#8212;&#8212;&#8212;&#8212;&#8212;&#8212;&#8212;&#8212;&#8212;&#8212;&#8212;&#8212;&#8212;&#8212;<\/h5>\n<h2 style=\"text-align: center;\"><em><strong>\u00a0Alessio ed Evelyn&#8230;<\/strong><\/em><\/h2>\n<h3 style=\"text-align: center;\"><strong>Daniele Inzinna. Un nome, una garanzia.<\/strong><\/h3>\n<h4 class=\"admin-reviews-item-description \" style=\"text-align: center;\">Buona sera a tutte le future spose e sposi, il mio servizio fotografico \u00e8 stato pensato, immaginato, creato da Daniele e dal suo staff nel massimo della professionalit\u00e0, eleganza, trasparenza, disponibilit\u00e0, tale da diventare successivamente un nostro amico. Al primo appuntamento, le sue foto fatte in precedenza hanno colpito la mia attenzione per i dettagli di ogni singolo scatto, per non parlare del video, da rimanere a bocca aperta. Daniele fa molta attenzione ai dettagli e per chi come me \u00e8 stata una sposa esigente, volendo il suo matrimonio perfetto, scegliete direttamente lui. Vi seguir\u00e0 prima, durante e dopo realizzando tutto ci\u00f2 che vorrete. Basta davvero conoscerlo, per capire come lavora e il tipo di persona che \u00e8, perch\u00e9 ricordate che le foto e il video sono l&#8217;unica cosa che vi rimarr\u00e0 negli anni successivi dopo quel giorno, meglio affidarsi ad un professionista!<\/h4>\n<h5 style=\"text-align: center;\">&#8212;&#8212;&#8212;&#8212;&#8212;&#8212;&#8212;&#8212;&#8212;&#8212;&#8212;&#8212;&#8212;&#8212;&#8212;&#8212;&#8212;&#8212;&#8212;&#8212;&#8212;&#8212;&#8212;&#8212;&#8212;&#8212;&#8212;&#8212;&#8212;&#8212;&#8212;&#8212;&#8212;&#8212;&#8212;&#8212;&#8212;<\/h5>\n<h2 style=\"text-align: center;\"><em><strong>Salvatore e Myriam&#8230;<\/strong><\/em><\/h2>\n<h3 style=\"text-align: center;\"><strong>Ottimo servizio fotografico.<\/strong><\/h3>\n<h4 class=\"admin-reviews-item-description \" style=\"text-align: center;\">Siamo rimasti veramente contenti del servizio fotografico del nostro matrimonio. L&#8217;album \u00e8 fatto cos\u00ec bene da regalarci, ogni volta che lo sfogliamo, un viaggio in quella giornata, dove tutto \u00e8 stato perfetto e indimenticabile.<\/h4>\n<h5 style=\"text-align: center;\">&#8212;&#8212;&#8212;&#8212;&#8212;&#8212;&#8212;&#8212;&#8212;&#8212;&#8212;&#8212;&#8212;&#8212;&#8212;&#8212;&#8212;&#8212;&#8212;&#8212;&#8212;&#8212;&#8212;&#8212;&#8212;&#8212;&#8212;&#8212;&#8212;&#8212;&#8212;&#8212;&#8212;&#8212;&#8212;&#8212;&#8212;<\/h5>\n<h2 style=\"text-align: center;\"><em><strong>Giuseppe e Antonella&#8230;<\/strong><\/em><\/h2>\n<h3 style=\"text-align: center;\"><strong>Consigliatissimo!\u00a0<\/strong><\/h3>\n<h4 class=\"admin-reviews-item-description \" style=\"text-align: center;\">Credo che i ricordi nel tempo si possono sbiadire&#8230; Ma una foto se pur sbiadita rimane per sempre&#8230; Nei momenti pi\u00f9 importanti della nostra vita il servizio fotografico \u00e8 fondamentale e non banale&#8230; La cosa pi\u00f9 importante \u00e8 affidarlo a persone competenti&#8230; Da Inzinna fotografi troverete tutto ci\u00f2&#8230; Professionalit\u00e0 cordialit\u00e0, e simpatia&#8230; Ho scelto loro per il mio matrimonio e per il battesimo di mia figlia&#8230; Sanno cogliere ogni richiesta e sanno personalizzare ogni progetto&#8230; Catturare ogni minimo dettaglio e curarlo nei minimi particolari, farti sentire a tuo agio e goderti il tuo giorno senza stress&#8230; Che dire sono super soddisfatta e lo consiglio vivamente a chi vuole rivivere l&#8217;emozione di quel giorno ogni qualvolta sfogli il tuo album o rivedi il tuo&#8221; film&#8230;<\/h4>\n<h5 style=\"text-align: center;\">&#8212;&#8212;&#8212;&#8212;&#8212;&#8212;&#8212;&#8212;&#8212;&#8212;&#8212;&#8212;&#8212;&#8212;&#8212;&#8212;&#8212;&#8212;&#8212;&#8212;&#8212;&#8212;&#8212;&#8212;&#8212;&#8212;&#8212;&#8212;&#8212;&#8212;&#8212;&#8212;&#8212;&#8212;&#8212;&#8212;&#8212;<\/h5>\n<h2 style=\"text-align: center;\"><em><strong>Calogero e Anna&#8230;<\/strong><\/em><\/h2>\n<h3 style=\"text-align: center;\"><strong>Eccellenza della fotografia.<\/strong><\/h3>\n<h4 class=\"admin-reviews-item-description \" style=\"text-align: center;\">Per il giorno del nostro matrimonio non potevamo che affidarci a Roberto e Daniele Inzinna! Professionalit\u00e0 e cordialit\u00e0 ci hanno accompagnati nel giorno pi\u00f9 importante della nostra vita! Ci hanno fatto sentire sempre a nostro agio ed hanno realizzato un capolavoro! Rivedendo le nostre emozioni immortalate abbiamo rivissuto importanti attimi del nostro giorno, soprattutto quelli legati ai preparativi e alla cerimonia, gli attimi pi\u00f9 lenti, concitati, carichi di ansia e voglia di festeggiare. Le fotografie e il montaggio video trasmettono ci\u00f2 che per noi \u00e8 stato il giorno del nostro matrimonio: la felicit\u00e0, la gioia, la tensione, la spontaneit\u00e0, la trasparenza delle nostre emozioni. Ma le parole sono superflue davanti alle foto ed al video. Grazie Roberto e Daniele Inzinna!<\/h4>\n<h5 style=\"text-align: center;\">&#8212;&#8212;&#8212;&#8212;&#8212;&#8212;&#8212;&#8212;&#8212;&#8212;&#8212;&#8212;&#8212;&#8212;&#8212;&#8212;&#8212;&#8212;&#8212;&#8212;&#8212;&#8212;&#8212;&#8212;&#8212;&#8212;&#8212;&#8212;&#8212;&#8212;&#8212;&#8212;&#8212;&#8212;&#8212;&#8212;&#8212;<\/h5>\n<h2 style=\"text-align: center;\"><em><strong>Francesco e Calogera&#8230;<\/strong><\/em><\/h2>\n<h3 style=\"text-align: center;\"><strong>Spettacolare!!!<\/strong><\/h3>\n<h4 class=\"admin-reviews-item-description \" style=\"text-align: center;\">Un fotografo molto professionale e spettacolare, con il suo team ti accompagna nel giorno pi\u00f9 bello della tua vita con foto e video artistiche.<br \/>\nTi fa sentire a tuo agio in ogni momento, ha molte idee ed il risultato finale \u00e8 ottimo.<br \/>\nRisceglierei mille volte lui per la sua capacit\u00e0 di lavorare, e il rapporto qualit\u00e0 prezzo \u00e8 eccellente!<br \/>\nIo e mio marito ringraziamo infinitamente Daniele Inzinna.<\/h4>\n<h5 style=\"text-align: center;\">&#8212;&#8212;&#8212;&#8212;&#8212;&#8212;&#8212;&#8212;&#8212;&#8212;&#8212;&#8212;&#8212;&#8212;&#8212;&#8212;&#8212;&#8212;&#8212;&#8212;&#8212;&#8212;&#8212;&#8212;&#8212;&#8212;&#8212;&#8212;&#8212;&#8212;&#8212;&#8212;&#8212;&#8212;&#8212;&#8212;&#8212;<\/h5>\n<h2 style=\"text-align: center;\"><em><strong>Matteo e Anna&#8230;<\/strong><\/em><\/h2>\n<h3 style=\"text-align: center;\"><strong>Approvati e soddisfatti!<\/strong><\/h3>\n<h4 class=\"admin-reviews-item-description \" style=\"text-align: center;\">Ho conosciuto i signori Inzinna nel 2015, cercavo dei fotografi nel loro lavoro molto professionali, cordiali nel rapportarsi con i loro clienti ma soprattutto ricercavo nel servizio molta naturalezza; e io tutte queste qualit\u00e0 le ho ritrovate in loro.<\/h4>\n<h5 style=\"text-align: center;\">&#8212;&#8212;&#8212;&#8212;&#8212;&#8212;&#8212;&#8212;&#8212;&#8212;&#8212;&#8212;&#8212;&#8212;&#8212;&#8212;&#8212;&#8212;&#8212;&#8212;&#8212;&#8212;&#8212;&#8212;&#8212;&#8212;&#8212;&#8212;&#8212;&#8212;&#8212;&#8212;&#8212;&#8212;&#8212;&#8212;&#8212;<\/h5>\n<h2 style=\"text-align: center;\"><em><strong>Salvatore e Vittoria&#8230;<\/strong><\/em><\/h2>\n<h3 style=\"text-align: center;\"><strong>Professionalit\u00e0 alla mano!<\/strong><\/h3>\n<h4 class=\"admin-reviews-item-description \" style=\"text-align: center;\">Io e Salvo ci siamo sposati nel 2015 e abbiamo scelto lo staff Inzinna perch\u00e9 i loro lavori ci hanno colpito immediatamente per la cura dei dettagli e la professionalit\u00e0 che ha una storia di oltre 100 anni, non ci siamo sbagliati il risultato \u00e8 stato fantastico!!!<\/h4>\n<h5 style=\"text-align: center;\">&#8212;&#8212;&#8212;&#8212;&#8212;&#8212;&#8212;&#8212;&#8212;&#8212;&#8212;&#8212;&#8212;&#8212;&#8212;&#8212;&#8212;&#8212;&#8212;&#8212;&#8212;&#8212;&#8212;&#8212;&#8212;&#8212;&#8212;&#8212;&#8212;&#8212;&#8212;&#8212;&#8212;&#8212;&#8212;&#8212;&#8212;<\/h5>\n<h2 style=\"text-align: center;\"><em><strong>Rosario e Jessica&#8230;<\/strong><\/em><\/h2>\n<h3 style=\"text-align: center;\"><strong>Professionalit\u00e0.<span style=\"font-size: 16px;\">\u00a0<\/span><\/strong><\/h3>\n<h4 class=\"admin-reviews-item-description \" style=\"text-align: center;\">Persone serie qualificate e professionali&#8230; Ci hanno fatto divertire e ci hanno offerto un servizio stupendo&#8230;\u00a0Lo consiglio a tutti quelli che vogliono che il giorno pi\u00f9 bello della loro vita sia qualcosa di eccezionale&#8230; Ottimo rapporto qualit\u00e0\/prezzo!<\/h4>\n<h5 style=\"text-align: center;\">&#8212;&#8212;&#8212;&#8212;&#8212;&#8212;&#8212;&#8212;&#8212;&#8212;&#8212;&#8212;&#8212;&#8212;&#8212;&#8212;&#8212;&#8212;&#8212;&#8212;&#8212;&#8212;&#8212;&#8212;&#8212;&#8212;&#8212;&#8212;&#8212;&#8212;&#8212;&#8212;&#8212;&#8212;&#8212;&#8212;&#8212;<\/h5>\n<h2 style=\"text-align: center;\"><em><strong>Angelo e Cetty&#8230;<\/strong><\/em><\/h2>\n<h3 style=\"text-align: center;\"><strong>Altre mille volte Studio Inzinna!<\/strong><\/h3>\n<h4 class=\"admin-reviews-item-description \" style=\"text-align: center;\">Sceglierei altre mille volte voi! Servizio eccellente! Foto e video da brividi! Disponibilit\u00e0 ed elasticit\u00e0 a 360\u00b0. Ci hanno fatto sentire a nostro agio e il lavoro lo abbiamo ritirato in tempi abbastanza normali cio\u00e8 meno di 1 anno grazie Daniele Inzinna!!!<\/h4>\n<h5 style=\"text-align: center;\">&#8212;&#8212;&#8212;&#8212;&#8212;&#8212;&#8212;&#8212;&#8212;&#8212;&#8212;&#8212;&#8212;&#8212;&#8212;&#8212;&#8212;&#8212;&#8212;&#8212;&#8212;&#8212;&#8212;&#8212;&#8212;&#8212;&#8212;&#8212;&#8212;&#8212;&#8212;&#8212;&#8212;&#8212;&#8212;&#8212;&#8212;<\/h5>\n<h2 style=\"text-align: center;\"><em><strong>Livio e Elisa&#8230;<\/strong><\/em><\/h2>\n<h3 style=\"text-align: center;\"><strong>Raccomandabile!<\/strong><\/h3>\n<h4 class=\"admin-reviews-item-description \" style=\"text-align: center;\">Davvero gentilissimi e molto professionali! Ci siamo sentiti molto a nostro agio e le foto sono davvero meravigliose! Ci siamo trovati a vivere delle emozioni immense grazie a loro! Molto scrupolosi nel dettaglio e non ci hanno fatto mancare assolutamente nulla. Ve lo consigliamo vivamente!<\/h4>\n<h5 style=\"text-align: center;\">&#8212;&#8212;&#8212;&#8212;&#8212;&#8212;&#8212;&#8212;&#8212;&#8212;&#8212;&#8212;&#8212;&#8212;&#8212;&#8212;&#8212;&#8212;&#8212;&#8212;&#8212;&#8212;&#8212;&#8212;&#8212;&#8212;&#8212;&#8212;&#8212;&#8212;&#8212;&#8212;&#8212;&#8212;&#8212;&#8212;&#8212;<\/h5>\n<h2 style=\"text-align: center;\"><strong><i>Nicol\u00f2 e Maria Agata&#8230;<\/i><span style=\"font-size: 16px;\">\u00a0<\/span><\/strong><\/h2>\n<h3 style=\"text-align: center;\"><strong>Competenza, professionalit\u00e0 e precisione<\/strong><\/h3>\n<h4 class=\"admin-reviews-item-description \" style=\"text-align: center;\">Grande professionalit\u00e0, bravura e simpatia. Precisione e disponibilit\u00e0. Foto artistiche e tutte di alta qualit\u00e0. Non c\u2019\u00e8 una sola foto del nostro album che non sia bella! \u00c8 stata un\u2019ottima scelta che ci \u00e8 stata confermata anche dai complimenti degli invitati. Lo consiglio ai futuri sposi al 100%. Siamo rimasti molto soddisfatti di aver affidato a loro i ricordi del nostro giorno pi\u00f9 bello! Grazie Daniele per lo splendido lavoro! Bello, bello, bello il nostro scrigno!<\/h4>\n<h5 style=\"text-align: center;\">&#8212;&#8212;&#8212;&#8212;&#8212;&#8212;&#8212;&#8212;&#8212;&#8212;&#8212;&#8212;&#8212;&#8212;&#8212;&#8212;&#8212;&#8212;&#8212;&#8212;&#8212;&#8212;&#8212;&#8212;&#8212;&#8212;&#8212;&#8212;&#8212;&#8212;&#8212;&#8212;&#8212;&#8212;&#8212;&#8212;&#8212;<\/h5>\n<h2 style=\"text-align: center;\"><strong><i>Fabrizio e Letizia&#8230;<\/i><span style=\"font-size: 16px;\">\u00a0<\/span><\/strong><\/h2>\n<h3 style=\"text-align: center;\"><strong>Cortesia&#8230; amicizia&#8230; ottime idee&#8230; eccezionale lavoro<\/strong><\/h3>\n<h4 class=\"admin-reviews-item-description \" style=\"text-align: center;\">Una parola per definire Inzinna fotografi?<br \/>\n&#8220;Indimenticabili&#8221; hanno reso, per me e mio marito, unico ogni momento&#8230; Dalle tante risate delle prefoto in cui abbiamo creato una vera scena da film a tutte le singole emozioni del matrimonio che non potremo mai dimenticare poich\u00e9 sono stampate ed indelebili sul nostro album digitale, che consideriamo come il miglior investimento di tutto il matrimonio&#8230; Tornerei da loro per ogni altra occasione&#8230; Grandissimo Daniele con le sue iniziative ed i suoi consigli che si completano con tutto il suo staff eccezionale ad ugual modo&#8230; Gentilissimo e cordialissimo Roberto che con tutti i suoi anni di esperienza sa come rendere felice i prossimi sposini&#8230;<\/h4>\n<h5 style=\"text-align: center;\">&#8212;&#8212;&#8212;&#8212;&#8212;&#8212;&#8212;&#8212;&#8212;&#8212;&#8212;&#8212;&#8212;&#8212;&#8212;&#8212;&#8212;&#8212;&#8212;&#8212;&#8212;&#8212;&#8212;&#8212;&#8212;&#8212;&#8212;&#8212;&#8212;&#8212;&#8212;&#8212;&#8212;&#8212;&#8212;&#8212;&#8212;<\/h5>\n<h2 style=\"text-align: center;\"><strong><i>Tommaso e Grazia Maria&#8230;<\/i><span style=\"font-size: 16px;\">\u00a0<\/span><\/strong><\/h2>\n<h3 style=\"text-align: center;\"><strong>Professionale, affidabile e dall&#8217;entusiasmo incontenibile!<\/strong><\/h3>\n<h4 class=\"admin-reviews-item-description \" style=\"text-align: center;\">Fotografo di grande professionalit\u00e0, ha dimostrato bravura e simpatia. \u00c8 stato paziente, preciso e sempre disponibile. Le sue foto sono artistiche e tutte di alta qualit\u00e0. Non c\u2019\u00e8 una sola foto del nostro album che non sia bella! Daniele \u00e8 stata un\u2019ottima scelta che ci \u00e8 stata confermata anche dai complimenti degli invitati. Lo consiglio ai futuri sposi al 100%. Siamo rimasti molto soddisfatti di aver affidato a lui i ricordi del nostro giorno pi\u00f9 bello. Grazie Daniele per lo splendido lavoro!<\/h4>\n<h5 style=\"text-align: center;\">&#8212;&#8212;&#8212;&#8212;&#8212;&#8212;&#8212;&#8212;&#8212;&#8212;&#8212;&#8212;&#8212;&#8212;&#8212;&#8212;&#8212;&#8212;&#8212;&#8212;&#8212;&#8212;&#8212;&#8212;&#8212;&#8212;&#8212;&#8212;&#8212;&#8212;&#8212;&#8212;&#8212;&#8212;&#8212;&#8212;&#8212;<\/h5>\n<h2 style=\"text-align: center;\"><strong><i>Luigi e Manuela&#8230;<\/i><span style=\"font-size: 16px;\">\u00a0<\/span><\/strong><\/h2>\n<h3 style=\"text-align: center;\"><strong>Indiscussa professionalit\u00e0.<\/strong><\/h3>\n<h4 class=\"admin-reviews-item-description \" style=\"text-align: center;\">La loro professionalit\u00e0 \u00e8 indiscussa.\u00a0La capacit\u00e0 di metterti al tuo agio mentre fotografano i momenti pi\u00f9 belli della nostra vita, \u00e8 il loro principale punto di forza.<br \/>\nSeriet\u00e0, impegno e innovazione sono le loro doti.\u00a0Lo consiglio!<\/h4>\n<h5 style=\"text-align: center;\">&#8212;&#8212;&#8212;&#8212;&#8212;&#8212;&#8212;&#8212;&#8212;&#8212;&#8212;&#8212;&#8212;&#8212;&#8212;&#8212;&#8212;&#8212;&#8212;&#8212;&#8212;&#8212;&#8212;&#8212;&#8212;&#8212;&#8212;&#8212;&#8212;&#8212;&#8212;&#8212;&#8212;&#8212;&#8212;&#8212;&#8212;<\/h5>\n<h2 style=\"text-align: center;\"><strong><i>Massimiliano e Rosanna&#8230;<\/i><span style=\"font-size: 16px;\">\u00a0<\/span><\/strong><\/h2>\n<h3 style=\"text-align: center;\"><strong>Eccellenti su tutto!!!<\/strong><\/h3>\n<h4 class=\"admin-reviews-item-description \" style=\"text-align: center;\">Ottimo lavoro! Un vero professionista! Professionalita&#8217; che non si smentisce negli anni e che non delude! Cura per i minimi particolari e sempre flessibili alle nostre esigenze&#8230; Ci siamo trovati benissimo!<\/h4>\n<h5 style=\"text-align: center;\">&#8212;&#8212;&#8212;&#8212;&#8212;&#8212;&#8212;&#8212;&#8212;&#8212;&#8212;&#8212;&#8212;&#8212;&#8212;&#8212;&#8212;&#8212;&#8212;&#8212;&#8212;&#8212;&#8212;&#8212;&#8212;&#8212;&#8212;&#8212;&#8212;&#8212;&#8212;&#8212;&#8212;&#8212;&#8212;&#8212;&#8212;<\/h5>\n<h2 style=\"text-align: center;\"><strong><i>Giuseppe e Ilena&#8230;<\/i><span style=\"font-size: 16px;\">\u00a0<\/span><\/strong><\/h2>\n<h3 style=\"text-align: center;\"><strong>Foto e video meravigliosi!!!<\/strong><\/h3>\n<h4 class=\"admin-reviews-item-description \" style=\"text-align: center;\">Foto dai colori bellissimi e vivaci, che riescono a esprimere grandi emozioni e suscitare sensazioni uniche: dal profumo di un fiore alla melodia di una musica, l&#8217;immagine non diventa pi\u00f9 una semplice foto, ma diventa arte!<\/h4>\n","protected":false},"excerpt":{"rendered":"<p>La parola a voi&#8230; le recensioni dei nostri clienti! &#8212;&#8212;&#8212;&#8212;&#8212;&#8212;&#8212;&#8212;&#8212;&#8212;&#8212;&#8212;&#8212;&#8212;&#8212;&#8212;&#8212;&#8212;&#8212;&#8212;&#8212;&#8212;&#8212;&#8212;&#8212;&#8212;&#8212;&#8212;&#8212;&#8212;&#8212;&#8212;&#8212;&#8212;&#8212;&#8212;&#8212; Fonte: &#8220;matrimonio.com&#8221; &#8212;&#8212;&#8212;&#8212;&#8212;&#8212;&#8212;&#8212;&#8212;&#8212;&#8212;&#8212;&#8212;&#8212;&#8212;&#8212;&#8212;&#8212;&#8212;&#8212;&#8212;&#8212;&#8212;&#8212;&#8212;&#8212;&#8212;&#8212;&#8212;&#8212;&#8212;&#8212;&#8212;&#8212;&#8212;&#8212;&#8212; Steven e Chiara Con le vostre foto riuscite a far rivivere le emozioni. Grazie per la vostra professionalit\u00e0. Grazie per aver immortalato e per aver reso un capolavoro tutti gli attimi del nostro grande giorno! Che dire&#8230;Grazie ragazzi siete fenomenali. Se li [&hellip;]<\/p>\n","protected":false},"author":1,"featured_media":0,"parent":0,"menu_order":0,"comment_status":"closed","ping_status":"closed","template":"","meta":{"footnotes":""},"_links":{"self":[{"href":"https:\/\/www.danieleinzinna.com\/index.php\/wp-json\/wp\/v2\/pages\/1127"}],"collection":[{"href":"https:\/\/www.danieleinzinna.com\/index.php\/wp-json\/wp\/v2\/pages"}],"about":[{"href":"https:\/\/www.danieleinzinna.com\/index.php\/wp-json\/wp\/v2\/types\/page"}],"author":[{"embeddable":true,"href":"https:\/\/www.danieleinzinna.com\/index.php\/wp-json\/wp\/v2\/users\/1"}],"replies":[{"embeddable":true,"href":"https:\/\/www.danieleinzinna.com\/index.php\/wp-json\/wp\/v2\/comments?post=1127"}],"version-history":[{"count":33,"href":"https:\/\/www.danieleinzinna.com\/index.php\/wp-json\/wp\/v2\/pages\/1127\/revisions"}],"predecessor-version":[{"id":4203,"href":"https:\/\/www.danieleinzinna.com\/index.php\/wp-json\/wp\/v2\/pages\/1127\/revisions\/4203"}],"wp:attachment":[{"href":"https:\/\/www.danieleinzinna.com\/index.php\/wp-json\/wp\/v2\/media?parent=1127"}],"curies":[{"name":"wp","href":"https:\/\/api.w.org\/{rel}","templated":true}]}}